 r. Let f = w - -96. Calculate the greatest common factor of f and 13.
13
Suppose -2*f = -14*f - 0*f + 40848. What is the highest common divisor of f and 444?
148
Let a(g) = 4*g**3 + g + 3. Let i be a(-2). Let o = 61 + i. Let p(y) = y**3 - 5*y**2 - 7*y + 9. Let m be p(6). What is the greatest common factor of m and o?
3
Suppose 35*v - 39 = -43*v + 273. What is the highest common divisor of 388 and v?
4
Let r be (1 - 3)/((-2)/7). Suppose -7*a = -r - 105. What is the highest common factor of a and 48?
16
Suppose -5*y = -5*c - 2115, -12*y + 1348 = -4*c - 3728. Calculate the greatest common divisor of 180 and y.
9
Suppose -2*s = 4, 2*o - 2*s = -3*o + 124. Suppose 205*c + 321*c - 72*c - 18160 = 0. What is the greatest common factor of o and c?
8
Let l = -1115 + 2809. What is the greatest common factor of 70 and l?
14
Suppose -2*f = v - 4669, -2*f + 6*v + 1368 = -3322. What is the highest common factor of 219 and f?
73
Suppose -4*q + 8 = 0, -4*q = 4*a + a - 188. Suppose -4*w = 86*b - 81*b - 326, -4*w = -3*b - 342. What is the greatest common divisor of a and w?
12
Suppose 999*y - 79464 = 975*y. Calculate the highest common divisor of 231 and y.
77
Suppose 5*m - 4*u = -25, 3*u = -2*m + u - 28. Let j(o) = -24*o - 152. Let r be j(m). Calculate the greatest common factor of 160 and r.
32
Let q be 8 - (987/(-1) - (6 - 2)). Let o be (-78)/(-2) - (-3)/(27/(-18)). What is the greatest common divisor of q and o?
37
Suppose -836*y = -824*y - 327 - 9. Let a be (-28)/(-5)*((-508)/(-8) - 6). What is the highest common factor of y and a?
14
Let f be (-1 + -1 + -2)/(-1). Let v = 87 - -168. Let u = 257 - v. What is the greatest common divisor of u and f?
2
Let q(t) = 30*t + 28. Let d be q(7). Let o = d - 209. What is the highest common divisor of 377 and o?
29
Suppose -3*a + 2*v - 10 = 0, -3*a - 2*v + 5 = -v. Let o be ((-4)/(-14))/(10/140 - a). What is the highest common factor of o and 108?
4
Let t be 37/3*(8 + (-31)/((-403)/52)). What is the greatest common divisor of t and 6031?
37
Suppose 2*a = 3*a - 28. Suppose -90 = 18*s - a*s. Calculate the highest common factor of 99 and s.
9
Let w(h) = 30 - 8*h - 92 + 38 + 42. Let x be w(2). What is the highest common factor of x and 82?
2
Let q be 6/(-9) + (-748)/(-33). Let n be 6/((11 + 1)*21/924). Calculate the highest common factor of q and n.
22
Let u be (-19338)/(-165) - (-54)/30. Calculate the greatest common factor of u and 306.
17
Let j(s) = -s**2 + 24*s + 22. Let y be j(30). Let d be (-15)/(-35) + (1 - y/7). What is the highest common divisor of 9 and d?
3
Suppose -2*h + 4*h = 0. Suppose -6*l + 9*l - 390 = h. Suppose -4*j + k = 27 - l, -5*j + 4*k = -126. Calculate the greatest common factor of j and 13.
13
Let o be (209/(-44) + 90/(-40))/(-1). Calculate the greatest common divisor of 11564 and o.
7
Let w be -24*(-1 + (-4)/3). Let c be (-1478)/(-8) + 0 - (-42)/(-56). Let t = 192 - c. Calculate the greatest common divisor of t and w.
8
Suppose -3118 = -13*n + 145. Suppose -10 = 2*v, 3*a - n = 4*v - 0*v. What is the greatest common factor of a and 1309?
77
Let g = 22496 - 22130. What is the greatest common divisor of 305 and g?
61
Suppose -13*u = -19 + 19. Suppose 2*y + 5*l - 95 + 14 = u, 2*l = -5*y + 234. Calculate the highest common divisor of y and 84.
12
Let l be (-9)/45*15*(-500)/3. Calculate the highest common factor of 475 and l.
25
Let m = -652 - -665. Suppose -m*i - 6875 = -24*i. Calculate the highest common divisor of 5 and i.
5
Let g = -15 + 27. Let w be (-10)/(-115) + -7 + (-5488)/(-368). What is the highest common divisor of w and g?
4
Let u = 18 + 5598. Suppose -u = -7*t - 9*t. What is the highest common factor of t and 27?
27
Suppose -3*m + 147 = g, 0 = -2*m + g + 4*g + 115. Suppose 4*a - 4*x - 924 = 0, 4*x - 667 = -4*a + 209. What is the greatest common factor of a and m?
25
Let n be (13/(91/(-63)))/(1/1). Let q(i) = -12*i + 217. Let j be q(n). Calculate the greatest common factor of j and 13.
13
Let f(v) = v**3 - 22*v**2 + 23*v - 25. Let j be f(21). Suppose j*x - 6 = 1541. Let n = 16 + -3. Calculate the highest common divisor of n and x.
13
Suppose 63 = 11*d - 8*d. Suppose -210 = -14*u + 966. Calculate the greatest common divisor of d and u.
21
Suppose 0 = -125*g + 122*g + 201. Suppose -9 - g = -q. Suppose 163 = 2*t - 5*s, q = -5*t - 2*s + 498. What is the greatest common divisor of t and 12?
12
Suppose -45*q + 46*q = 10. Let k be ((-4)/q)/((-6)/660). Let s = 77 - k. What is the highest common factor of s and 11?
11
Let c be (18/(-8))/((-15)/20). Suppose 0 = -2*i - 6, c*i - 39 - 252 = -4*v. What is the highest common divisor of v and 175?
25
Suppose 0 = 2*s - 21 - 3. Let f = 1197 - 621. Suppose -5*i + 11*i - f = 0. Calculate the greatest common divisor of s and i.
12
Let d = -183 + 226. Suppose -d + 443 = 10*v. What is the highest common divisor of v and 10?
10
Let u(r) = -r - 8. Let p be (3/2)/((-24)/128). Let w be u(p). Let k be (w - 508/(-6)) + (-10)/15. Calculate the greatest common factor of k and 14.
14
Let n be 1*(-2 - (-6 - 207 - -2)). What is the greatest common factor of n and 121?
11
Let m(o) = o**2 + 121*o + 1774. Let k be m(-104). Calculate the greatest common divisor of k and 879.
3
Suppose 5*z = -11*y + 188765, 4*z - 8*y + 6*y = 150958. Calculate the highest common divisor of z and 226.
226
Let x(v) be the third derivative of 0*v + 1/24*v**4 - 7*v**2 + 0 + 11/6*v**3. Let z be x(6). Calculate the highest common factor of 51 and z.
17
Let j = 17 - 15. Let n be -1 - j - (-22 + -4). Suppose i + n = 5*i + 3*p, 0 = -4*p + 20. Calculate the highest common divisor of i and 8.
2
Suppose -40 - 560 = -30*h. What is the highest common factor of h and 44?
4
Let d(g) = 3*g**2 + 78*g + 660. Let z be d(-18). What is the highest common divisor of 380 and z?
76
Suppose -8022 - 44477 + 9251 = -106*x. What is the highest common factor of x and 1938?
102
Let d be (-12 - -1853) + 11 + 8. Calculate the highest common factor of d and 24.
12
Let s(m) = -330*m - 28. Let h be s(-5). Suppose 586 = 6*u - h. Calculate the highest common factor of 46 and u.
46
Suppose 5*l = 11 + 244. Suppose z + 9 = 4*z. Suppose z*y + 7 = 58. What is the highest common divisor of l and y?
17
Suppose -4*c = -t - 73622, 141*c - 140*c = -4*t + 18380. Calculate the greatest common factor of c and 107.
107
Suppose -4*a = 4*o - 3804, -958 = 12*o - 13*o - 2*a. What is the greatest common factor of o and 1298?
118
Let q be 14/14 + 13/1 + 1. Let p be 102/q + (-32)/40. What is the highest common factor of p and 174?
6
Let x = -13 + 22. Let m(w) = -w**3 - 7*w**2 + 3*w + 24. Let n be m(-7). Suppose -n*i = d, 3*d - 19 = 4*i - 6. Calculate the greatest common factor of x and d.
3
Let a(f) = f + 1 - f**2 - 7*f - 3. Let w be a(-4). Suppose -10 = 2*b, -5*d + 3*d + 91 = b. Calculate the greatest common factor of w and d.
6
Suppose -8*p + 5*c - 259 = -12*p, p = -4*c + 62. Calculate the highest common factor of p and 4818.
66
Suppose -48 = -5*m + 152. Let t be (-16)/m*(-168 + (-9)/(-3)). Calculate the greatest common factor of t and 18.
6
Suppose 0 = -2050*b + 2051*b + 6, -4*b - 336 = -3*o. What is the greatest common factor of 299 and o?
13
Let l = -2370 - -2389. Calculate the greatest common divisor of l and 2793.
19
Let h(v) = -27*v + 3 - 26*v - 30*v + 16*v. Let p be h(-1). Calculate the highest common factor of 14 and p.
14
Suppose -z + 16 = z. Let u(r) = r**3 - 7*r**2 - 7*r - 4. Let a be u(z). Suppose -5*v = -a - 36. What is the greatest common divisor of v and 56?
8
Suppose -5*w - 109 = -5*t + 366, 3*w - 205 = -2*t. Calculate the greatest common factor of 294 and t.
98
Let u(c) = -5*c**2 - 16*c - 31. Let g be u(-6). Let p be 92/g + 138/10. What is the highest common divisor of p and 2?
1
Let z(s) = s**3 + 38*s**2 + 213*s - 178. Let p be z(-8). Suppose -5346 = -4*f + 1190. Calculate the highest common factor of p and f.
38
Let s be (179/3)/((-17)/(-51)). Let l = 215 - s. What is the highest common divisor of 42 and l?
6
Let u = -44 - -54. Suppose 0 = 28*r - 23*r - u. Let z(y) = y**3 + y**2 - 3*y + 3. Let k be z(r). What is the highest common divisor of 90 and k?
9
Suppose 0 = -4*y - 5 + 17. Let z(p) = p**3 - 17*p**2 + 10*p. Let t be z(16). Let c = 111 + t. What is the greatest common divisor of c and y?
3
Suppose 2838*a - 176368 = 2822*a. Ca